)/(4/15). What is the highest common divisor of b and 132?
12
Let p be (45 - 44)*26/2*8. Calculate the greatest common factor of 13 and p.
13
Let t = 31 + -1. Calculate the highest common divisor of t and 75.
15
Let m(d) = -d**3 - 10*d**2 - 12*d - 5. Let s be m(-9). Let f = s - 14. What is the greatest common divisor of f and 8?
8
Let z = 17 + -11. Let p(t) = 3*t**3 - t**3 + z + 0*t**3 - 3*t**3. Let b be p(0). What is the highest common divisor of 24 and b?
6
Let p be (-14)/35*(-10)/2. Suppose -4*g + 3*t + 94 = 0, p*t + 28 = 5*g - 86. What is the highest common factor of g and 33?
11
Let s = -4 - -6. Suppose -s*z - 20 = -4*z. Let h be 0 + 1/(1/110). Calculate the greatest common divisor of z and h.
10
Suppose -r - q + 182 = -2, q + 362 = 2*r. Calculate the highest common factor of r and 26.
26
Suppose 4*v + 39 = 2*p - v, p + 2*v = 15. What is the highest common factor of 153 and p?
17
Suppose -4*d + 16*d = 336. What is the highest common factor of d and 28?
28
Suppose -b - b = -154. Let z = 17 + -11. Let t be (z - -1)*(-4 + 5). Calculate the highest common divisor of b and t.
7
Let n(o) = -o**3 - o**2 + o + 9. Let c be n(0). What is the greatest common factor of c and 3?
3
Suppose 0*d = d + 4. Let k be d + 15 + (-2 - -1). Suppose -z = 0, -6*z + z - k = -5*i. What is the greatest common factor of i and 1?
1
Let x = 196 + -190. Let y(r) = 3*r**2 + r + 2. Let d be y(-2). Calculate the highest common divisor of d and x.
6
Let z(t) = 3*t**2 - 12*t + 4. Let q be z(8). Calculate the greatest common factor of 10 and q.
10
Let p be 1/(-7) - (-172)/14*11. What is the greatest common divisor of 15 and p?
15
Suppose -4*b - 54 = -b. Let l be 6/b - 8/(-6). Calculate the greatest common divisor of 2 and l.
1
Suppose -3*u + 0 + 27 = 0. Let n = 12 + 33. Calculate the greatest common factor of n and u.
9
Let i(r) = -r - 1. Let a be i(-9). Let b = 50 - a. Let g = 12 + 2. Calculate the greatest common divisor of g and b.
14
Let r be (25 + -30)/((-5)/6). What is the highest common divisor of 18 and r?
6
Suppose 3*n - 6 = 3*m, -2*m - 4*n = -25 - 1. Calculate the highest common factor of m and 33.
3
Let m be (-28)/(-5)*7/(14/15). What is the greatest common factor of m and 14?
14
Suppose p = -2*v + 20, -2*p - 3*v + 42 = -0*v. Calculate the highest common factor of 3 and p.
3
Let n(h) be the second derivative of 5*h**3/6 - 15*h**2/2 + 3*h. Let i be n(8). What is the greatest common factor of 10 and i?
5
Suppose 2*p - 64 = -5*s - 9, -3*p - 15 = 0. Let t be (13/2)/((-1)/(-2)). Calculate the highest common divisor of s and t.
13
Let o(l) = -4*l - 2*l + 29*l**2 + 2 + l + 2*l. Let y be o(2). Calculate the greatest common factor of y and 14.
14
Suppose 0 = 3*n - 2 - 7. Calculate the highest common divisor of n and 9.
3
Suppose 51 = 5*j - 2*j. Calculate the highest common divisor of 17 and j.
17
Let f = -13 + 36. Let g = f - 16. Let a(n) = -11*n - 5. Let m be a(-3). Calculate the highest common factor of m and g.
7
Let j = -27 - -19. Let g = 2 + j. Let z = -2 - g. Calculate the highest common factor of z and 44.
4
Suppose -9 + 21 = -3*h. Let d = h - -9. What is the highest common divisor of d and 5?
5
Let y(j) = j**3 + 4*j**2 - 7*j - 7. Let p be y(-5). Let s(t) = -t - 9*t - p + 0*t. Let g be s(-8). Calculate the highest common divisor of g and 7.
7
Suppose 0 = -5*q - 5*o + 55 + 60, -66 = -3*q - 2*o. Calculate the greatest common divisor of q and 180.
20
Suppose b - 70 = 44. Calculate the highest common factor of 76 and b.
38
Let q be (7/4)/(8/224). Let x = -28 + q. What is the highest common divisor of 84 and x?
21
Suppose -2*x + 98 = -4*y, -274 = -4*x - 3*y - 100. Calculate the greatest common factor of 9 and x.
9
Let k be (3/(-5))/((-6)/180). Let y be 1009/6 + (-3)/k. Let d be (-4)/10 - (-214)/10. What is the highest common factor of y and d?
21
Let p be (-3)/(-6) - 218/(-4). Suppose -2*m + p = 3*m. Calculate the greatest common divisor of m and 99.
11
Suppose 4*s + j - 4*j = 58, -4*s - j + 66 = 0. Let y be (-2908)/(-14) - s/(-56). Calculate the highest common divisor of y and 26.
26
Suppose -2*n = -4*g - 0 + 26, 13 = -3*g - 5*n. Let k = 35 + -7. Calculate the greatest common divisor of g and k.
4
Suppose 5*j - 8*j = -75. Calculate the greatest common divisor of 100 and j.
25
Suppose -260 = -m - 4*m. Suppose -3*c = 3*k - 48, -4*k - 3*c + 86 = 25. Calculate the greatest common factor of k and m.
13
Let l = -7 - -8. Suppose 4*n + n = 0. Suppose -3*v = -n*v - 9. Calculate the greatest common factor of l and v.
1
Suppose -2*k + 6 = 2*v - k, -4*v = 5*k. What is the highest common factor of v and 35?
5
Suppose -8*b + 9*b = -127. Let t = b + 212. What is the greatest common factor of t and 34?
17
Suppose b + b = 144. Let o(j) = -j**3 - j**2 + 3*j. Suppose 2*d - d + 3 = 0. Let m be o(d). Calculate the highest common factor of m and b.
9
Suppose -26 = -5*z + 3*s, -1 + 3 = z + s. Suppose z*v = 2*v + 8. Suppose -o + r = -2*o + 45, 5*r - 181 = -4*o. Calculate the highest common factor of o and v.
4
Let t(n) = n**2 + 4*n - 5. Let b be t(-5). Let o be 90 + 3 + b - 3. What is the greatest common factor of o and 9?
9
Suppose n - 69 = 4*n. Let o be ((-160)/(-12))/(1/3). Let c = n + o. What is the greatest common factor of 51 and c?
17
Let j be (1/2)/(2/16). Suppose i + 15 = j*i. Suppose i*t - 144 = t. Calculate the greatest common divisor of t and 4.
4
Let r = -10 - -22. Suppose 3*i - 4*c - r = 21, 4*i = 3*c + 51. Let q = -17 + 32. Calculate the highest common factor of q and i.
15
Let b be 83/1 - (0 + 2). Calculate the greatest common divisor of 9 and b.
9
Let f(g) = -2*g - 11. Let z be f(-8). Suppose -z*m - 3*w + 85 = 0, -5*m + 3*w - 36 = -151. What is the highest common factor of m and 100?
20
Suppose 2 = -2*x, 2*k + 2*x = -0*x + 262. Suppose -q - k = -2*q. Suppose -10 = -2*b, 2*b = 3*r - 0*r - 26. Calculate the highest common factor of q and r.
12
Suppose 5*u - 5*b - 12 + 2 = 0, 2*u - 16 = 5*b. Let w be (u + 2 - 2) + 26. What is the highest common divisor of w and 36?
12
Let z = -2 - -3. Let h be -1 + z + 0 + 34. Let v = h - 17. What is the highest common divisor of 187 and v?
17
Suppose -3*g - 9 = -3*k, 0 = 4*k - k - 5*g - 5. Suppose 46 = k*j - 4. Calculate the greatest common divisor of j and 80.
10
Suppose 0 = p - h - 9, -p + 2*p + h - 9 = 0. Suppose 4*l + 1 - p = 0. Suppose l*i - 12 = -0. Calculate the greatest common divisor of 66 and i.
6
Let u be 4/10 + (-39)/(-15). Suppose -3*z = u*s - 432, -4*z + 276 = 3*s - 299. Calculate the greatest common factor of 13 and z.
13
Let b = 1 + -4. Let g be -6*(-10)/(-9)*b. Let j be (-11)/44 - 41/(-4). What is the highest common factor of j and g?
10
Let x = 14 - 5. Let i = 5 + x. Calculate the greatest common divisor of i and 7.
7
Let p be (14/(-4))/((-2)/20) - 2. Calculate the greatest common factor of 3 and p.
3
Let p(h) = -h + 8. Let i be p(0). Let g(c) = c + 3. Let x be g(0). Let z = i + x. Calculate the greatest common factor of 121 and z.
11
Suppose 2*m = -2*i - m + 24, 0 = -3*i - m + 43. Calculate the greatest common divisor of 45 and i.
15
Let x = 80 - 52. What is the greatest common factor of x and 28?
28
Let v be (-315)/((-15)/5) + 0. What is the highest common divisor of v and 21?
21
Let t be (-6)/24 - 57/(-4). Calculate the greatest common divisor of 14 and t.
14
Let x(u) = -u**2 + 7*u - 6. Let a be x(7). Let t be a/(-2 + 2/4). Let z be (-16)/10*(-35)/2. What is the greatest common divisor of z and t?
4
Suppose 0*s + 2*s - 2 = 0. Let b be s + -2 + 3 - -42. Let i be ((-16)/(-6))/((-24)/(-36)). Calculate the greatest common divisor of b and i.
4
Suppose y = -4*t + 182, 2*y = t + 3*t + 376. Suppose y = 4*j + 10. Let i be (-11)/(-3) + 2/6. What is the greatest common factor of i and j?
4
Let f be 3/1*2/3. Suppose -3*x + 57 = -3*n, -3*x + 3 = -5*n - 48. Calculate the highest common divisor of x and f.
2
Let q = -16 - -25. Let x(a) = -7*a**3 - a**2 - 3*a - 2. Let d be x(-2). Suppose 3*t = d + 187. What is the greatest common factor of t and q?
9
Suppose 2*h + 16 = 2*g - 0*g, -5*h = -4*g + 37. Calculate the highest common factor of 2 and g.
1
Suppose n = -5*p + 5 + 2, -5*n = -4*p - 151. Suppose -a + 90 = 4*a. What is the highest common factor of n and a?
9
Suppose -z = 4*a + 1347, -a - 4*z + 12 = 330. Let i be a/(-4) + 4/(-8). What 